of 2/u - 26/(-4)?
7
What are the prime factors of (-26 + 3 + -1)*(-18)/4?
2, 3
Let j = 14 + -22. Let v = 24 + j. Let c = 22 - v. What are the prime factors of c?
2, 3
Suppose -25 = g - 4*b, -2*g - b - 8 = -3. Let r = -3 - g. What are the prime factors of r?
2
Suppose 4*i - 2*l = 368, -3*l + 196 = 2*i + 2*l. What are the prime factors of i?
3, 31
Let x be 1/(-2) + 3/6. Suppose -2*m = -x*m. Suppose m = -3*b + f + f + 10, 1 = b - 3*f. What are the prime factors of b?
2
Suppose -5 = -f + 3*m, -m - 4 = f + 3. Let s(u) = -u**3 - 4*u**2 - u - 2. Let j be s(-4). List the prime factors of (f/j)/((-4)/18).
3
Let q = -12 + 2. Let y be (7/2)/(5/q). List the prime factors of (y - -5)*(-1 + -1).
2
Let k(p) = -p**3 - 11*p**2 + 14*p + 14. Let f(q) = -2*q**3 - 23*q**2 + 29*q + 28. Let l(o) = 2*f(o) - 5*k(o). What are the prime factors of l(-10)?
2, 3
Let c = -9 + 11. Suppose -m + 26 = g, c*m - 3*g - 64 = -2*g. What are the prime factors of m?
2, 3, 5
Let o = -37 - -67. What are the prime factors of o?
2, 3, 5
Let b(r) = 14*r**2 + 13*r - 4. Let h(w) = -7*w**2 - 6*w + 2. Let q(d) = -4*b(d) - 9*h(d). Let f be q(2). List the prime factors of f/9*(-6)/(-5).
2
Let f be (-352)/(-36) + (-4)/(-18). Let x be (-1)/((-15)/7 - -2). Suppose x*n - 2*n = -2*w - 8, -3*w - 2*n = -f. What are the prime factors of w?
2, 3
Suppose 0*w - 3*i = 2*w - 688, -i = -5*w + 1754. List the prime factors of w/8 + (-3)/(-12).
2, 11
Suppose 5*v - 12 = v, -5*i - 2*v = -156. What are the prime factors of i?
2, 3, 5
Suppose -17 = -4*g - 5*h + 3, g = -3*h + 12. Suppose -27 = -y - g*y. Let n = 42 - y. List the prime factors of n.
3, 5
Let f = -18 - -22. What are the prime factors of f?
2
Suppose -4*q + 224 = 2*o, -7*o - 34 = -q - 2*o. List the prime factors of q.
2, 3
Let d be -4*9/(-12)*3. Suppose -4*b = -d*b + 65. What are the prime factors of b?
13
Let i = 2 - 0. Let a(v) = v**2 - 2*v**i - 4*v**2 + v + 4*v**2 + 17. What are the prime factors of a(0)?
17
List the prime factors of (-2)/(-11) + (-515)/(-11).
47
Suppose -3*x + 20 = 5*l, 5*l = l + 16. Suppose 2*n - 3*n + 15 = x. What are the prime factors of n?
3, 5
Let g = -1 - -13. Let z = -2 + g. What are the prime factors of z?
2, 5
Let j(r) = r**3 + 3*r**2 - 2*r + 3. What are the prime factors of j(-3)?
3
Suppose -y = 9*c - 7*c - 454, 2225 = 5*y - 5*c. List the prime factors of y.
2, 7
Suppose -5*h + 0*y + 29 = -3*y, -5*h - 3*y + 11 = 0. Suppose -19 = 2*s + 3*q + 2*q, -4*s + h*q + 32 = 0. List the prime factors of s.
3
Let z = 90 - 44. What are the prime factors of z?
2, 23
Let x = -76 + 86. List the prime factors of x.
2, 5
Suppose -3*x + 113 = 5*n, -n - 4 = -2*n. List the prime factors of x.
31
Suppose 2 = -2*k - 10. List the prime factors of (2 - 3)*k + -3.
3
Suppose -4*o + 264 = -2*m + 24, 0 = -4*o - 2*m + 256. What are the prime factors of o?
2, 31
Let s = 12 - 7. Suppose 3*j + 18 = s*i, 5 = i + i + j. Let m(d) = -d**3 + 5*d**2 - d - 3. List the prime factors of m(i).
2, 3
Let b = 13 - -103. List the prime factors of b.
2, 29
Let d(i) = 6*i - 10. Let s be d(10). Suppose -21*q + s = -19*q. List the prime factors of q.
5
Suppose -t = -2*t + 3*w + 1, -2*t + 2 = 5*w. Let u be (-1 + -1)/(-2 + t). Suppose -8 = -6*a + u*a. What are the prime factors of a?
2
Let p(v) = 28*v**3 + 4*v**2 + v + 2. Let r(t) = 28*t**3 + 5*t**2 + t + 3. Let u(c) = -3*p(c) + 2*r(c). List the prime factors of u(-1).
3
Suppose -3 + 8 = a. List the prime factors of a.
5
Let j = -53 - -140. Suppose 3*d = j + 33. Suppose 3*i = w + d, 0*w = 5*i - 2*w - 68. What are the prime factors of i?
2, 3
Let d be (1/(-2))/((-3)/(-12)). Let o(h) = -7*h**2 - 2*h - 3. Let s be o(d). List the prime factors of (-4)/10 + s/(-5).
5
Let j(a) = a**2 + 5*a. Let l be j(-6). What are the prime factors of (2/3)/(l/63)?
7
Suppose -8*h + 926 + 442 = 0. List the prime factors of h.
3, 19
Suppose 0 = 10*y - 5*y - 190. Let t = y - 19. What are the prime factors of t?
19
Let j be -2 + 4 + 1 - 0. Suppose -13 = -u - v, 17 = j*u + 4*v - 21. List the prime factors of (u/8 - 1)*24.
2, 3
Suppose s - 2*s - 47 = 0. Let w = s + 68. List the prime factors of w.
3, 7
Let d be -21 + 2 + 3 + -4. What are the prime factors of (5 + 1)*d/(-8)?
3, 5
Let m be 2/9 - (-388)/36. Suppose -2*u = -1 - m. List the prime factors of 1/((9/u)/3).
2
Let z be 2*(-4 - -4 - -1). Suppose 3*k = 2*k + 3. Suppose z*w = w + k. What are the prime factors of w?
3
Let p be 8/5*(-25)/(-10). Let x(m) = 6 - 3 - m + 3*m. List the prime factors of x(p).
11
Let o = 5 + -6. List the prime factors of ((-68)/(-8) - o)*2.
19
Let w(v) = -v**2 + 7*v - 1. Let b be (2/3)/(2/3). Suppose 5*d = -3*y + 10, -d - 27 = -5*y - b. List the prime factors of w(y).
3
Let s(g) = -g + 1. Let x be s(6). Let d be (-2)/5 - 2/x. Suppose 0*q + 5*q - 45 = d. What are the prime factors of q?
3
Let k = -25 - -11. Let u = -10 - k. What are the prime factors of u?
2
Let b(m) = m**3 - 12*m**2 - 11*m - 3. List the prime factors of b(13).
23
Suppose 2*i + 2 = 3*i. Suppose -u + 0*u - 4*a = -25, -4*u + 100 = -3*a. Suppose -3*d + 2*p + 15 = i*d, p = -4*d + u. What are the prime factors of d?
5
Let h(j) = j. Let n be h(4). Let a be (14/n)/((-2)/(-8)). List the prime factors of 2*2/(-4) + a.
13
Let v be 36/5 + 2/(-10). Let q = v + 4. List the prime factors of q.
11
Suppose 2*q + 0 = -8. Let p = 6 + q. Suppose -k = 5*b - 2, -2*k + 13 - 1 = p*b. List the prime factors of k.
7
Let t be (15/6)/((-3)/(-6)). Suppose t*c - 77 - 48 = 0. List the prime factors of c.
5
Let z(w) = -9*w. Let m be z(3). Let r be 104/(-18) - (-6)/m. List the prime factors of (-5)/(-10)*r/(-1).
3
List the prime factors of -2*6/(-4) - -28.
31
Suppose -2*n + 4*u + 320 = 0, 3*u = n + 8*u - 174. What are the prime factors of n?
2, 41
Suppose -4 = -2*g - 0. Suppose 4*h = -g*b - 10, -h = -b - 6*h - 20. What are the prime factors of b?
5
Let l(p) = -2 - 3*p - 2*p + 4. Let b be l(2). What are the prime factors of 2*(-2)/(b/10)?
5
Let p = 71 - -5. Suppose 5*c = 9 + p. What are the prime factors of c?
17
Suppose -h = -4*x - 6, -2*h - h = -5*x - 4. Let n(c) = -3*c**3 - 2*c**2 - c - 3. What are the prime factors of n(h)?
3, 5
Let v(a) be the first derivative of a**3/6 + 3*a**2 + 3*a - 3. Let w(d) be the first derivative of v(d). List the prime factors of w(5).
11
Let n = -5 - -21. What are the prime factors of n?
2
Let u = 0 + 5. Suppose 0 = -u*k + 90 + 80. List the prime factors of k.
2, 17
Let t(u) = -31*u - 9. What are the prime factors of t(-3)?
2, 3, 7
Let m = 9 + -7. Suppose 0 = -m*y + y + 9. List the prime factors of y.
3
Let y = 9 - -6. Suppose -15 = -3*k + y. Suppose -k = -4*b - b. What are the prime factors of b?
2
Let t be (-5)/(-5) + (0 - 1). Suppose t = 5*c - 6*c + 9. What are the prime factors of c?
3
Let p be (0 - 3/3)*-2. Suppose 11 - 31 = -5*q. Suppose -i = -q - p. What are the prime factors of i?
2, 3
Suppose 0 = 2*u - 0*u - 10. Suppose 2*r - 2*o + u = r, -5*r - o = -19. Suppose -5*i + j = -53, 3*i + 2*j = -r*j + 15. What are the prime factors of i?
2, 5
Let d = 18 + 36. What are the prime factors of (-4 - -7) + d/3?
3, 7
Let g = 71 - 25. What are the prime factors of g?
2, 23
Let a(t) = 3*t**3 - 2*t + 5 - 3*t - 2*t**3 - t**2. List the prime factors of a(4).
3, 11
Suppose 0 = -2*t + 5*t - 45. Let z(c) = c**3 - 5*c**2 + 7*c - 9. Let a be z(6). List the prime factors of a/t - 2/(-5).
5
Let a(y) = 3*y. Let k be a(-2). List the prime factors of (-26)/k*(5 - 2).
13
What are the prime factors of 70/(-30) + (-4)/6 + 17?
2, 7
Let a be 26 + 1/(0 - 1). Suppose -5*r + 16 = -r. Suppose -2*w = 4*x - r, 3*x - w - 3*w = a. List the prime factors of x.
3
Let i(w) = 6*w**3 + 3*w - 2. List the prime factors of i(2).
2, 13
Suppose -8*o + 2*o = -594. List the prime factors of o.
3, 11
Suppose g + 3*w + 1 = -2, 4*g - 2*w - 2 = 0. Suppose -2*l = -g*l - 14. List the prime factors of l.
7
Suppose 2*t - 3*i - 85 = 0, 13 - 80 = -2*t - 3*i. List the prime factors of t.
2, 19
Suppose -12 = -6*i + 2*i. Suppose i = j - 4. List the prime factors of j.
7
Suppose -2*r = 2*r - 24. Let l be 170/3 - 4/r. Suppose -7*o + 3*o = -l. What are the prime factors of o?
2, 7
Suppose 0 = -4*w + 3*b + 57, -w + 23 = -0*w + b. Let k = -9 + w. List the prime factors of k.
3
Suppose -5*z = -3*z - 58. What are the prime factors of z?
29
Let j be (-2)/(((-9)/30)/3